{"id":341,"date":"2021-06-07T14:42:19","date_gmt":"2021-06-07T14:42:19","guid":{"rendered":"https:\/\/archivovirtual.ayto-alcaladehenares.es\/?page_id=341"},"modified":"2023-03-20T10:49:00","modified_gmt":"2023-03-20T10:49:00","slug":"buscador-2","status":"publish","type":"page","link":"https:\/\/archivovirtual.ayto-alcaladehenares.es\/index.php\/buscador-2\/","title":{"rendered":"Buscador"},"content":{"rendered":"<section class=\"wpb-content-wrapper\"><p>[vc_row css_animation=\u00bb\u00bb row_type=\u00bbrow\u00bb use_row_as_full_screen_section=\u00bbno\u00bb type=\u00bbfull_width\u00bb angled_section=\u00bbno\u00bb text_align=\u00bbleft\u00bb background_image_as_pattern=\u00bbwithout_pattern\u00bb][vc_column][layerslider_vc id=\u00bb6&#8243;][\/vc_column][\/vc_row][vc_row css_animation=\u00bb\u00bb row_type=\u00bbrow\u00bb use_row_as_full_screen_section=\u00bbno\u00bb type=\u00bbfull_width\u00bb angled_section=\u00bbno\u00bb text_align=\u00bbleft\u00bb background_image_as_pattern=\u00bbwithout_pattern\u00bb][vc_column][vc_empty_space][\/vc_column][\/vc_row][vc_row css_animation=\u00bb\u00bb row_type=\u00bbrow\u00bb use_row_as_full_screen_section=\u00bbno\u00bb type=\u00bbfull_width\u00bb angled_section=\u00bbno\u00bb text_align=\u00bbleft\u00bb background_image_as_pattern=\u00bbwithout_pattern\u00bb z_index=\u00bb\u00bb side_padding=\u00bb10&#8243;][vc_column][vc_column_text]<\/p>\n<div class=\"wpb_text_column wpb_content_element \">\n<div class=\"wpb_wrapper\">\n<p>Mediante el Buscador el Archivo Municipal del Ayuntamiento de Alcal\u00e1 de Henares te abre sus puertas y pone a tu disposici\u00f3n sus fondos documentales.<\/p>\n<p>&nbsp;<\/p>\n<p>Esta herramienta te permitir\u00e1 realizar todo tipo de b\u00fasquedas en los fondos digitalizados del Archivo, consultar y visualizar los documentos y tambi\u00e9n participar haci\u00e9ndonos llegar datos e informaciones que puedas conocer de algunos de los documentos y que pienses que pueden ser de inter\u00e9s y enriquecer nuestros fondos.<\/p>\n<p>&nbsp;<\/p>\n<\/div>\n<\/div>\n<p>Paulatinamente se ir\u00e1n digitalizando m\u00e1s documentos para que tu los puedas disfrutar desde aqu\u00ed.[\/vc_column_text][\/vc_column][\/vc_row][vc_row css_animation=\u00bb\u00bb row_type=\u00bbrow\u00bb use_row_as_full_screen_section=\u00bbno\u00bb type=\u00bbfull_width\u00bb angled_section=\u00bbno\u00bb text_align=\u00bbleft\u00bb background_image_as_pattern=\u00bbwithout_pattern\u00bb][vc_column][vc_empty_space][\/vc_column][\/vc_row][vc_row css_animation=\u00bb\u00bb row_type=\u00bbrow\u00bb use_row_as_full_screen_section=\u00bbno\u00bb type=\u00bbfull_width\u00bb angled_section=\u00bbno\u00bb text_align=\u00bbleft\u00bb background_image_as_pattern=\u00bbwithout_pattern\u00bb z_index=\u00bb\u00bb side_padding=\u00bb10&#8243;][vc_column][vc_column_text]<iframe loading=\"lazy\" src=\"https:\/\/archivovirtual.ayto-alcaladehenares.es\/escritorio\/seeFilter.aspx?dataid=b2c65a16-5072-4c55-a3a1-d5f420db7255&amp;uid=wpuser&amp;fechas=1\" width=\"100%\" height=\"800\" frameborder=\"0\"><\/iframe>[\/vc_column_text][\/vc_column][\/vc_row][vc_row css_animation=\u00bb\u00bb row_type=\u00bbrow\u00bb use_row_as_full_screen_section=\u00bbno\u00bb type=\u00bbfull_width\u00bb angled_section=\u00bbno\u00bb text_align=\u00bbleft\u00bb background_image_as_pattern=\u00bbwithout_pattern\u00bb][vc_column][vc_empty_space][\/vc_column][\/vc_row]<\/p>\n<\/section>","protected":false},"excerpt":{"rendered":"<p>[vc_row css_animation=\u00bb\u00bb row_type=\u00bbrow\u00bb use_row_as_full_screen_section=\u00bbno\u00bb type=\u00bbfull_width\u00bb angled_section=\u00bbno\u00bb text_align=\u00bbleft\u00bb background_image_as_pattern=\u00bbwithout_pattern\u00bb][vc_column][layerslider_vc id=\u00bb6&#8243;][\/vc_column][\/vc_row][vc_row css_animation=\u00bb\u00bb row_type=\u00bbrow\u00bb use_row_as_full_screen_section=\u00bbno\u00bb type=\u00bbfull_width\u00bb angled_section=\u00bbno\u00bb text_align=\u00bbleft\u00bb background_image_as_pattern=\u00bbwithout_pattern\u00bb][vc_column][vc_empty_space][\/vc_column][\/vc_row][vc_row css_animation=\u00bb\u00bb row_type=\u00bbrow\u00bb use_row_as_full_screen_section=\u00bbno\u00bb type=\u00bbfull_width\u00bb angled_section=\u00bbno\u00bb text_align=\u00bbleft\u00bb background_image_as_pattern=\u00bbwithout_pattern\u00bb z_index=\u00bb\u00bb side_padding=\u00bb10&#8243;][vc_column][vc_column_text] Mediante el Buscador el Archivo Municipal del Ayuntamiento de Alcal\u00e1 de Henares te abre sus puertas y pone a tu&#8230;<\/p>\n","protected":false},"author":3,"featured_media":0,"parent":0,"menu_order":0,"comment_status":"closed","ping_status":"closed","template":"full_width.php","meta":[],"_links":{"self":[{"href":"https:\/\/archivovirtual.ayto-alcaladehenares.es\/index.php\/wp-json\/wp\/v2\/pages\/341"}],"collection":[{"href":"https:\/\/archivovirtual.ayto-alcaladehenares.es\/index.php\/wp-json\/wp\/v2\/pages"}],"about":[{"href":"https:\/\/archivovirtual.ayto-alcaladehenares.es\/index.php\/wp-json\/wp\/v2\/types\/page"}],"author":[{"embeddable":true,"href":"https:\/\/archivovirtual.ayto-alcaladehenares.es\/index.php\/wp-json\/wp\/v2\/users\/3"}],"replies":[{"embeddable":true,"href":"https:\/\/archivovirtual.ayto-alcaladehenares.es\/index.php\/wp-json\/wp\/v2\/comments?post=341"}],"version-history":[{"count":6,"href":"https:\/\/archivovirtual.ayto-alcaladehenares.es\/index.php\/wp-json\/wp\/v2\/pages\/341\/revisions"}],"predecessor-version":[{"id":576,"href":"https:\/\/archivovirtual.ayto-alcaladehenares.es\/index.php\/wp-json\/wp\/v2\/pages\/341\/revisions\/576"}],"wp:attachment":[{"href":"https:\/\/archivovirtual.ayto-alcaladehenares.es\/index.php\/wp-json\/wp\/v2\/media?parent=341"}],"curies":[{"name":"wp","href":"https:\/\/api.w.org\/{rel}","templated":true}]}}